{"id":2079,"date":"2024-07-03T12:15:51","date_gmt":"2024-07-03T10:15:51","guid":{"rendered":"https:\/\/sushi-delivery59.fr\/?page_id=2079"},"modified":"2025-03-24T23:51:00","modified_gmt":"2025-03-24T22:51:00","slug":"devenir-franchise","status":"publish","type":"page","link":"https:\/\/sushi-delivery59.fr\/index.php\/devenir-franchise\/","title":{"rendered":"DEVENIR FRANCHIS\u00c9"},"content":{"rendered":"\t\t<div data-elementor-type=\"wp-page\" data-elementor-id=\"2079\" class=\"elementor elementor-2079\">\n\t\t\t\t\t\t<section class=\"elementor-section elementor-top-section elementor-element elementor-element-8a55ace elementor-section-full_width elementor-section-height-default elementor-section-height-default\" data-id=\"8a55ace\" data-element_type=\"section\">\n\t\t\t\t\t\t<div class=\"elementor-container elementor-column-gap-no\">\n\t\t\t\t\t<div class=\"elementor-column elementor-col-100 elementor-top-column elementor-element elementor-element-fd27d4c\" data-id=\"fd27d4c\" data-element_type=\"column\">\n\t\t\t<div class=\"elementor-widget-wrap elementor-element-populated\">\n\t\t\t\t\t\t<div class=\"elementor-element elementor-element-d31647c elementor-widget elementor-widget-image\" data-id=\"d31647c\" data-element_type=\"widget\" data-widget_type=\"image.default\">\n\t\t\t\t<div class=\"elementor-widget-container\">\n\t\t\t\t\t\t\t\t\t\t\t\t\t\t\t<img fetchpriority=\"high\" decoding=\"async\" width=\"1893\" height=\"1064\" src=\"https:\/\/sushi-delivery59.fr\/wp-content\/uploads\/2024\/07\/FOND-FRANCHISE.jpg\" class=\"attachment-full size-full wp-image-2066\" alt=\"\" srcset=\"https:\/\/sushi-delivery59.fr\/wp-content\/uploads\/2024\/07\/FOND-FRANCHISE.jpg 1893w, https:\/\/sushi-delivery59.fr\/wp-content\/uploads\/2024\/07\/FOND-FRANCHISE-300x169.jpg 300w, https:\/\/sushi-delivery59.fr\/wp-content\/uploads\/2024\/07\/FOND-FRANCHISE-1024x576.jpg 1024w, https:\/\/sushi-delivery59.fr\/wp-content\/uploads\/2024\/07\/FOND-FRANCHISE-768x432.jpg 768w, https:\/\/sushi-delivery59.fr\/wp-content\/uploads\/2024\/07\/FOND-FRANCHISE-1536x863.jpg 1536w\" sizes=\"(max-width: 1893px) 100vw, 1893px\" \/>\t\t\t\t\t\t\t\t\t\t\t\t\t\t\t<\/div>\n\t\t\t\t<\/div>\n\t\t\t\t\t<\/div>\n\t\t<\/div>\n\t\t\t\t\t<\/div>\n\t\t<\/section>\n\t\t\t\t<section class=\"elementor-section elementor-top-section elementor-element elementor-element-ce5ed6e elementor-section-content-middle elementor-section-stretched elementor-section-boxed elementor-section-height-default elementor-section-height-default\" data-id=\"ce5ed6e\" data-element_type=\"section\" data-settings=\"{&quot;stretch_section&quot;:&quot;section-stretched&quot;,&quot;background_background&quot;:&quot;gradient&quot;}\">\n\t\t\t\t\t\t<div class=\"elementor-container elementor-column-gap-extended\">\n\t\t\t\t\t<div class=\"elementor-column elementor-col-100 elementor-top-column elementor-element elementor-element-040f87e elementor-invisible\" data-id=\"040f87e\" data-element_type=\"column\" data-settings=\"{&quot;animation&quot;:&quot;fadeIn&quot;}\">\n\t\t\t<div class=\"elementor-widget-wrap elementor-element-populated\">\n\t\t\t\t\t\t<section class=\"elementor-section elementor-inner-section elementor-element elementor-element-1630852 elementor-section-content-middle elementor-section-boxed elementor-section-height-default elementor-section-height-default\" data-id=\"1630852\" data-element_type=\"section\">\n\t\t\t\t\t\t<div class=\"elementor-container elementor-column-gap-default\">\n\t\t\t\t\t<div class=\"elementor-column elementor-col-100 elementor-inner-column elementor-element elementor-element-f75394c\" data-id=\"f75394c\" data-element_type=\"column\">\n\t\t\t<div class=\"elementor-widget-wrap elementor-element-populated\">\n\t\t\t\t\t\t<div class=\"elementor-element elementor-element-492ad35 elementor-widget elementor-widget-heading\" data-id=\"492ad35\" data-element_type=\"widget\" data-settings=\"{&quot;_animation&quot;:&quot;none&quot;}\" data-widget_type=\"heading.default\">\n\t\t\t\t<div class=\"elementor-widget-container\">\n\t\t\t\t\t<h2 class=\"elementor-heading-title elementor-size-default\">\u00caTRE FRANCHIS\u00c9 SUSHI DELIVERY,\nLA REFERENCE DEPUIS 2020 !<\/h2>\t\t\t\t<\/div>\n\t\t\t\t<\/div>\n\t\t\t\t<div class=\"elementor-element elementor-element-113b22e elementor-widget elementor-widget-spacer\" data-id=\"113b22e\" data-element_type=\"widget\" data-widget_type=\"spacer.default\">\n\t\t\t\t<div class=\"elementor-widget-container\">\n\t\t\t\t\t\t\t<div class=\"elementor-spacer\">\n\t\t\t<div class=\"elementor-spacer-inner\"><\/div>\n\t\t<\/div>\n\t\t\t\t\t\t<\/div>\n\t\t\t\t<\/div>\n\t\t\t\t<div class=\"elementor-element elementor-element-7bb04f7 elementor-widget elementor-widget-heading\" data-id=\"7bb04f7\" data-element_type=\"widget\" data-widget_type=\"heading.default\">\n\t\t\t\t<div class=\"elementor-widget-container\">\n\t\t\t\t\t<h6 class=\"elementor-heading-title elementor-size-default\">Ici, nous souhaitons r\u00e9inventer le sushi, le voir sous un autre angle et toucher d\u2019autres g\u00e9n\u00e9rations. Le concept permet uniquement de commander sur place gr\u00e2ce \u00e0 une borne num\u00e9rique ou de se faire livrer.  Proche du client, nous sommes \u00e0 sa disposition, il est l\u00e0 pour vivre une bonne exp\u00e9rience, c\u2019est notre vision des choses. Devient donc la prochaine FRANCHISE SUSHI DELIVERY !<\/h6>\t\t\t\t<\/div>\n\t\t\t\t<\/div>\n\t\t\t\t<div class=\"elementor-element elementor-element-c86aa79 elementor-widget elementor-widget-spacer\" data-id=\"c86aa79\" data-element_type=\"widget\" data-widget_type=\"spacer.default\">\n\t\t\t\t<div class=\"elementor-widget-container\">\n\t\t\t\t\t\t\t<div class=\"elementor-spacer\">\n\t\t\t<div class=\"elementor-spacer-inner\"><\/div>\n\t\t<\/div>\n\t\t\t\t\t\t<\/div>\n\t\t\t\t<\/div>\n\t\t\t\t<div class=\"elementor-element elementor-element-cdd78ad elementor-widget elementor-widget-heading\" data-id=\"cdd78ad\" data-element_type=\"widget\" data-settings=\"{&quot;_animation&quot;:&quot;none&quot;}\" data-widget_type=\"heading.default\">\n\t\t\t\t<div class=\"elementor-widget-container\">\n\t\t\t\t\t<h2 class=\"elementor-heading-title elementor-size-default\">Nos conditions<\/h2>\t\t\t\t<\/div>\n\t\t\t\t<\/div>\n\t\t\t\t\t<\/div>\n\t\t<\/div>\n\t\t\t\t\t<\/div>\n\t\t<\/section>\n\t\t\t\t<section class=\"elementor-section elementor-inner-section elementor-element elementor-element-0687566 elementor-section-content-middle elementor-section-boxed elementor-section-height-default elementor-section-height-default\" data-id=\"0687566\" data-element_type=\"section\">\n\t\t\t\t\t\t\t<div class=\"elementor-background-overlay\"><\/div>\n\t\t\t\t\t\t\t<div class=\"elementor-container elementor-column-gap-no\">\n\t\t\t\t\t<div class=\"elementor-column elementor-col-25 elementor-inner-column elementor-element elementor-element-6125d80\" data-id=\"6125d80\" data-element_type=\"column\">\n\t\t\t<div class=\"elementor-widget-wrap elementor-element-populated\">\n\t\t\t\t\t\t<div class=\"elementor-element elementor-element-4367715 elementor-position-top elementor-widget elementor-widget-image-box\" data-id=\"4367715\" data-element_type=\"widget\" data-widget_type=\"image-box.default\">\n\t\t\t\t<div class=\"elementor-widget-container\">\n\t\t\t\t\t<div class=\"elementor-image-box-wrapper\"><figure class=\"elementor-image-box-img\"><img decoding=\"async\" width=\"256\" height=\"256\" src=\"https:\/\/sushi-delivery59.fr\/wp-content\/uploads\/2024\/07\/contract-3-1.png\" class=\"elementor-animation-grow attachment-medium size-medium wp-image-2092\" alt=\"\" srcset=\"https:\/\/sushi-delivery59.fr\/wp-content\/uploads\/2024\/07\/contract-3-1.png 256w, https:\/\/sushi-delivery59.fr\/wp-content\/uploads\/2024\/07\/contract-3-1-150x150.png 150w\" sizes=\"(max-width: 256px) 100vw, 256px\" \/><\/figure><div class=\"elementor-image-box-content\"><h5 class=\"elementor-image-box-title\">5 ANS<\/h5><p class=\"elementor-image-box-description\">CONTRAT DE FRANCHISE<\/p><\/div><\/div>\t\t\t\t<\/div>\n\t\t\t\t<\/div>\n\t\t\t\t\t<\/div>\n\t\t<\/div>\n\t\t\t\t<div class=\"elementor-column elementor-col-25 elementor-inner-column elementor-element elementor-element-c8a650b\" data-id=\"c8a650b\" data-element_type=\"column\">\n\t\t\t<div class=\"elementor-widget-wrap elementor-element-populated\">\n\t\t\t\t\t\t<div class=\"elementor-element elementor-element-a47a1c7 elementor-position-top elementor-widget elementor-widget-image-box\" data-id=\"a47a1c7\" data-element_type=\"widget\" data-widget_type=\"image-box.default\">\n\t\t\t\t<div class=\"elementor-widget-container\">\n\t\t\t\t\t<div class=\"elementor-image-box-wrapper\"><figure class=\"elementor-image-box-img\"><img decoding=\"async\" width=\"256\" height=\"256\" src=\"https:\/\/sushi-delivery59.fr\/wp-content\/uploads\/2024\/07\/euro-3-1.png\" class=\"elementor-animation-grow attachment-medium size-medium wp-image-2091\" alt=\"\" srcset=\"https:\/\/sushi-delivery59.fr\/wp-content\/uploads\/2024\/07\/euro-3-1.png 256w, https:\/\/sushi-delivery59.fr\/wp-content\/uploads\/2024\/07\/euro-3-1-150x150.png 150w\" sizes=\"(max-width: 256px) 100vw, 256px\" \/><\/figure><div class=\"elementor-image-box-content\"><h5 class=\"elementor-image-box-title\">15 000\u20ac HT<\/h5><p class=\"elementor-image-box-description\">DROIT D'ENTR\u00c9E<\/p><\/div><\/div>\t\t\t\t<\/div>\n\t\t\t\t<\/div>\n\t\t\t\t\t<\/div>\n\t\t<\/div>\n\t\t\t\t<div class=\"elementor-column elementor-col-25 elementor-inner-column elementor-element elementor-element-9fc39b6\" data-id=\"9fc39b6\" data-element_type=\"column\">\n\t\t\t<div class=\"elementor-widget-wrap elementor-element-populated\">\n\t\t\t\t\t\t<div class=\"elementor-element elementor-element-36b6c8a elementor-position-top elementor-widget elementor-widget-image-box\" data-id=\"36b6c8a\" data-element_type=\"widget\" data-widget_type=\"image-box.default\">\n\t\t\t\t<div class=\"elementor-widget-container\">\n\t\t\t\t\t<div class=\"elementor-image-box-wrapper\"><figure class=\"elementor-image-box-img\"><img loading=\"lazy\" decoding=\"async\" width=\"256\" height=\"256\" src=\"https:\/\/sushi-delivery59.fr\/wp-content\/uploads\/2024\/07\/payment-1.png\" class=\"elementor-animation-grow attachment-medium size-medium wp-image-2093\" alt=\"\" srcset=\"https:\/\/sushi-delivery59.fr\/wp-content\/uploads\/2024\/07\/payment-1.png 256w, https:\/\/sushi-delivery59.fr\/wp-content\/uploads\/2024\/07\/payment-1-150x150.png 150w\" sizes=\"(max-width: 256px) 100vw, 256px\" \/><\/figure><div class=\"elementor-image-box-content\"><h5 class=\"elementor-image-box-title\">5%<\/h5><p class=\"elementor-image-box-description\">REDEVENCE ENSEIGNE<\/p><\/div><\/div>\t\t\t\t<\/div>\n\t\t\t\t<\/div>\n\t\t\t\t\t<\/div>\n\t\t<\/div>\n\t\t\t\t<div class=\"elementor-column elementor-col-25 elementor-inner-column elementor-element elementor-element-c5c3f84\" data-id=\"c5c3f84\" data-element_type=\"column\">\n\t\t\t<div class=\"elementor-widget-wrap elementor-element-populated\">\n\t\t\t\t\t\t<div class=\"elementor-element elementor-element-724cdf1 elementor-position-top elementor-widget elementor-widget-image-box\" data-id=\"724cdf1\" data-element_type=\"widget\" data-widget_type=\"image-box.default\">\n\t\t\t\t<div class=\"elementor-widget-container\">\n\t\t\t\t\t<div class=\"elementor-image-box-wrapper\"><figure class=\"elementor-image-box-img\"><img loading=\"lazy\" decoding=\"async\" width=\"256\" height=\"256\" src=\"https:\/\/sushi-delivery59.fr\/wp-content\/uploads\/2024\/07\/social-media-1.png\" class=\"elementor-animation-grow attachment-medium size-medium wp-image-2090\" alt=\"\" srcset=\"https:\/\/sushi-delivery59.fr\/wp-content\/uploads\/2024\/07\/social-media-1.png 256w, https:\/\/sushi-delivery59.fr\/wp-content\/uploads\/2024\/07\/social-media-1-150x150.png 150w\" sizes=\"(max-width: 256px) 100vw, 256px\" \/><\/figure><div class=\"elementor-image-box-content\"><h5 class=\"elementor-image-box-title\">2%<\/h5><p class=\"elementor-image-box-description\">REDEVANCE COMMUNICATION<\/p><\/div><\/div>\t\t\t\t<\/div>\n\t\t\t\t<\/div>\n\t\t\t\t\t<\/div>\n\t\t<\/div>\n\t\t\t\t\t<\/div>\n\t\t<\/section>\n\t\t\t\t\t<\/div>\n\t\t<\/div>\n\t\t\t\t\t<\/div>\n\t\t<\/section>\n\t\t\t\t<section class=\"elementor-section elementor-top-section elementor-element elementor-element-2d32411 elementor-section-boxed elementor-section-height-default elementor-section-height-default\" data-id=\"2d32411\" data-element_type=\"section\" data-settings=\"{&quot;background_background&quot;:&quot;classic&quot;}\">\n\t\t\t\t\t\t<div class=\"elementor-container elementor-column-gap-default\">\n\t\t\t\t\t<div class=\"elementor-column elementor-col-100 elementor-top-column elementor-element elementor-element-c2411c5\" data-id=\"c2411c5\" data-element_type=\"column\">\n\t\t\t<div class=\"elementor-widget-wrap elementor-element-populated\">\n\t\t\t\t\t\t<div class=\"elementor-element elementor-element-e3db6b6 elementor-widget elementor-widget-html\" data-id=\"e3db6b6\" data-element_type=\"widget\" data-widget_type=\"html.default\">\n\t\t\t\t<div class=\"elementor-widget-container\">\n\t\t\t\t\t<div class=\"forminator-ui forminator-custom-form forminator-custom-form-2108 forminator-design--material  forminator_ajax\" data-forminator-render=\"0\" data-form=\"forminator-module-2108\" data-uid=\"69e460c13d6e4\"><br\/><\/div><form\n\t\t\t\tid=\"forminator-module-2108\"\n\t\t\t\tclass=\"forminator-ui forminator-custom-form forminator-custom-form-2108 forminator-design--material  forminator_ajax\"\n\t\t\t\tmethod=\"post\"\n\t\t\t\tdata-forminator-render=\"0\"\n\t\t\t\tdata-form-id=\"2108\"\n\t\t\t\t data-color-option=\"default\" data-design=\"material\" data-grid=\"open\" style=\"display: none;\"\n\t\t\t\tdata-uid=\"69e460c13d6e4\"\n\t\t\t><div role=\"alert\" aria-live=\"polite\" class=\"forminator-response-message forminator-error\" aria-hidden=\"true\"><\/div><div class=\"forminator-row\"><div id=\"name-1\" class=\"forminator-field-name forminator-col forminator-col-12 \"><div class=\"forminator-field\"><label for=\"forminator-field-name-1_69e460c13d6e4\" id=\"forminator-field-name-1_69e460c13d6e4-label\" class=\"forminator-label\">Votre pr\u00e9nom (obligatoire) <span class=\"forminator-required\">*<\/span><\/label><input type=\"text\" name=\"name-1\" value=\"\" placeholder=\"Par exemple\u00a0: Jean\" id=\"forminator-field-name-1_69e460c13d6e4\" class=\"forminator-input forminator-name--field\" aria-required=\"true\" autocomplete=\"name\" \/><\/div><\/div><\/div><div class=\"forminator-row\"><div id=\"name-3\" class=\"forminator-field-name forminator-col forminator-col-12 \"><div class=\"forminator-field\"><label for=\"forminator-field-name-3_69e460c13d6e4\" id=\"forminator-field-name-3_69e460c13d6e4-label\" class=\"forminator-label\">Votre nom (obligatoire) <span class=\"forminator-required\">*<\/span><\/label><input type=\"text\" name=\"name-3\" value=\"\" placeholder=\"Par exemple\u00a0: DUPONT\" id=\"forminator-field-name-3_69e460c13d6e4\" class=\"forminator-input forminator-name--field\" aria-required=\"true\" autocomplete=\"name\" \/><\/div><\/div><\/div><div class=\"forminator-row\"><div id=\"email-1\" class=\"forminator-field-email forminator-col forminator-col-12 \"><div class=\"forminator-field\"><label for=\"forminator-field-email-1_69e460c13d6e4\" id=\"forminator-field-email-1_69e460c13d6e4-label\" class=\"forminator-label\">Email (obligatoire) <span class=\"forminator-required\">*<\/span><\/label><input type=\"email\" name=\"email-1\" value=\"\" placeholder=\"Par exemple\u00a0: jacques@dupont.com\" id=\"forminator-field-email-1_69e460c13d6e4\" class=\"forminator-input forminator-email--field\" data-required=\"true\" aria-required=\"true\" autocomplete=\"email\" \/><\/div><\/div><\/div><div class=\"forminator-row\"><div id=\"phone-1\" class=\"forminator-field-phone forminator-col forminator-col-12 \"><div class=\"forminator-field\"><label for=\"forminator-field-phone-1_69e460c13d6e4\" id=\"forminator-field-phone-1_69e460c13d6e4-label\" class=\"forminator-label\">T\u00e9l\u00e9phone (obligatoire) <span class=\"forminator-required\">*<\/span><\/label><input type=\"text\" name=\"phone-1\" value=\"\" placeholder=\"Par exemple\u00a0: 06 01 02 03 04\" id=\"forminator-field-phone-1_69e460c13d6e4\" class=\"forminator-input forminator-field--phone\" data-required=\"1\" aria-required=\"true\" autocomplete=\"off\" \/><\/div><\/div><\/div><div class=\"forminator-row\"><div id=\"textarea-2\" class=\"forminator-field-textarea forminator-col forminator-col-12 \"><div class=\"forminator-field\"><label for=\"forminator-field-textarea-2_69e460c13d6e4\" id=\"forminator-field-textarea-2_69e460c13d6e4-label\" class=\"forminator-label\">Ville d&#039;implantation souhait\u00e9e<\/label><textarea name=\"textarea-2\" placeholder=\"Ville\" id=\"forminator-field-textarea-2_69e460c13d6e4\" class=\"forminator-textarea\" rows=\"6\" style=\"min-height:25px;\" ><\/textarea><\/div><\/div><\/div><div class=\"forminator-row\"><div id=\"checkbox-2\" class=\"forminator-field-checkbox forminator-col forminator-col-6 \"><div role=\"group\" class=\"forminator-field\" aria-labelledby=\"forminator-checkbox-group-forminator-field-checkbox-2-69e460c13d6e4-label\"><span id=\"forminator-checkbox-group-forminator-field-checkbox-2-69e460c13d6e4-label\" class=\"forminator-label\">Disposez-vous actuellement d&#039;un local ?<\/span><label id=\"forminator-field-checkbox-2-1-69e460c13d6e4-label\" for=\"forminator-field-checkbox-2-1-69e460c13d6e4\" class=\"forminator-checkbox\" title=\"Oui\"><input type=\"checkbox\" name=\"checkbox-2[]\" value=\"one\" id=\"forminator-field-checkbox-2-1-69e460c13d6e4\" aria-labelledby=\"forminator-field-checkbox-2-1-69e460c13d6e4-label\" data-calculation=\"0\"   data-hidden-behavior=\"zero\"\/><span class=\"forminator-checkbox-box\" aria-hidden=\"true\"><\/span><span class=\"forminator-checkbox-label\">Oui<\/span><\/label><label id=\"forminator-field-checkbox-2-2-69e460c13d6e4-label\" for=\"forminator-field-checkbox-2-2-69e460c13d6e4\" class=\"forminator-checkbox\" title=\"Non\"><input type=\"checkbox\" name=\"checkbox-2[]\" value=\"two\" id=\"forminator-field-checkbox-2-2-69e460c13d6e4\" aria-labelledby=\"forminator-field-checkbox-2-2-69e460c13d6e4-label\" data-calculation=\"0\"   data-hidden-behavior=\"zero\"\/><span class=\"forminator-checkbox-box\" aria-hidden=\"true\"><\/span><span class=\"forminator-checkbox-label\">Non<\/span><\/label><\/div><\/div><div id=\"checkbox-1\" class=\"forminator-field-checkbox forminator-col forminator-col-6 \"><div role=\"group\" class=\"forminator-field\" aria-labelledby=\"forminator-checkbox-group-forminator-field-checkbox-1-69e460c13d6e4-label\"><span id=\"forminator-checkbox-group-forminator-field-checkbox-1-69e460c13d6e4-label\" class=\"forminator-label\">Votre situation actuelle ?<\/span><label id=\"forminator-field-checkbox-1-1-69e460c13d6e4-label\" for=\"forminator-field-checkbox-1-1-69e460c13d6e4\" class=\"forminator-checkbox\" title=\"Demandeur d&#039;emploi\"><input type=\"checkbox\" name=\"checkbox-1[]\" value=\"one\" id=\"forminator-field-checkbox-1-1-69e460c13d6e4\" aria-labelledby=\"forminator-field-checkbox-1-1-69e460c13d6e4-label\" data-calculation=\"0\"   data-hidden-behavior=\"zero\"\/><span class=\"forminator-checkbox-box\" aria-hidden=\"true\"><\/span><span class=\"forminator-checkbox-label\">Demandeur d'emploi<\/span><\/label><label id=\"forminator-field-checkbox-1-2-69e460c13d6e4-label\" for=\"forminator-field-checkbox-1-2-69e460c13d6e4\" class=\"forminator-checkbox\" title=\"CDI\"><input type=\"checkbox\" name=\"checkbox-1[]\" value=\"two\" id=\"forminator-field-checkbox-1-2-69e460c13d6e4\" aria-labelledby=\"forminator-field-checkbox-1-2-69e460c13d6e4-label\" data-calculation=\"0\"   data-hidden-behavior=\"zero\"\/><span class=\"forminator-checkbox-box\" aria-hidden=\"true\"><\/span><span class=\"forminator-checkbox-label\">CDI<\/span><\/label><label id=\"forminator-field-checkbox-1-3-69e460c13d6e4-label\" for=\"forminator-field-checkbox-1-3-69e460c13d6e4\" class=\"forminator-checkbox\" title=\"CDD\"><input type=\"checkbox\" name=\"checkbox-1[]\" value=\"CDD\" id=\"forminator-field-checkbox-1-3-69e460c13d6e4\" aria-labelledby=\"forminator-field-checkbox-1-3-69e460c13d6e4-label\" data-calculation=\"0\"   data-hidden-behavior=\"zero\"\/><span class=\"forminator-checkbox-box\" aria-hidden=\"true\"><\/span><span class=\"forminator-checkbox-label\">CDD<\/span><\/label><label id=\"forminator-field-checkbox-1-4-69e460c13d6e4-label\" for=\"forminator-field-checkbox-1-4-69e460c13d6e4\" class=\"forminator-checkbox\" title=\"Entrepreneur\"><input type=\"checkbox\" name=\"checkbox-1[]\" value=\"Entrpreuneur\" id=\"forminator-field-checkbox-1-4-69e460c13d6e4\" aria-labelledby=\"forminator-field-checkbox-1-4-69e460c13d6e4-label\" data-calculation=\"0\"   data-hidden-behavior=\"zero\"\/><span class=\"forminator-checkbox-box\" aria-hidden=\"true\"><\/span><span class=\"forminator-checkbox-label\">Entrepreneur<\/span><\/label><\/div><\/div><\/div><div class=\"forminator-row\"><div id=\"slider-1\" class=\"forminator-field-slider forminator-col forminator-col-12 \"><div class=\"forminator-field\"><label for=\"forminator-field-slider-1_69e460c13d6e4\" id=\"forminator-field-slider-1_69e460c13d6e4-label\" class=\"forminator-label\">Votre apport personnel (obligatoire) <span class=\"forminator-required\">*<\/span><\/label><div class=\"forminator-slider forminator-slider-full forminator-slider-size-small\"><input type=\"text\" id=\"forminator-field-slider-1_69e460c13d6e4\" class=\"forminator-hidden-input\" style=\"display:none;\"\/><div class=\"forminator-slide forminator-slide-handle-icon\" aria-required=\"true\" data-is-range=\"\" data-min=\"20000\" data-max=\"100000\" data-step=\"1\" data-value=\"20000\"><\/div><div class=\"forminator-slider-amount forminator-slider-amount-bottom\" data-value-template=\"{slider-value}\"><span class=\"forminator-slider-value-min\"><\/span><input type=\"hidden\" value=\"\" data-hidden-behavior=\"zero\" id=\"forminator-field-slider-1-input_69e460c13d6e4\" name=\"slider-1\" class=\"forminator-slider-hidden-min\" \/><\/div><\/div><\/div><\/div><\/div><div class=\"forminator-row\"><div id=\"textarea-3\" class=\"forminator-field-textarea forminator-col forminator-col-12 \"><div class=\"forminator-field\"><label for=\"forminator-field-textarea-3_69e460c13d6e4\" id=\"forminator-field-textarea-3_69e460c13d6e4-label\" class=\"forminator-label\">Votre profession actuelle (obligatoire) <span class=\"forminator-required\">*<\/span><\/label><textarea name=\"textarea-3\" placeholder=\"Ville\" id=\"forminator-field-textarea-3_69e460c13d6e4\" class=\"forminator-textarea\" rows=\"6\" style=\"min-height:25px;\" ><\/textarea><\/div><\/div><\/div><div class=\"forminator-row\"><div id=\"textarea-1\" class=\"forminator-field-textarea forminator-col forminator-col-12 \"><div class=\"forminator-field\"><label for=\"forminator-field-textarea-1_69e460c13d6e4\" id=\"forminator-field-textarea-1_69e460c13d6e4-label\" class=\"forminator-label\">Votre Message<\/label><textarea name=\"textarea-1\" placeholder=\"Saisissez votre message\u2026\" id=\"forminator-field-textarea-1_69e460c13d6e4\" class=\"forminator-textarea\" rows=\"6\" style=\"min-height:100px;\" maxlength=\"180\" ><\/textarea><span id=\"forminator-field-textarea-1_69e460c13d6e4-description\" class=\"forminator-description\"><span data-limit=\"180\" data-type=\"characters\" data-editor=\"\">0 \/ 180<\/span><\/span><\/div><\/div><\/div><div class=\"forminator-row\"><div id=\"captcha-1\" class=\"forminator-field-captcha forminator-col forminator-col-12 \"><div class=\"forminator-captcha-left forminator-g-recaptcha recaptcha-invisible\" data-theme=\"light\" data-badge=\"inline\" data-sitekey=\"6LcrngcqAAAAAGNieIHZ_dBRPsnG9j0Wu-tjRdG0\" data-size=\"invisible\"><\/div> <\/div><\/div><input type=\"hidden\" name=\"referer_url\" value=\"\" \/><div class=\"forminator-row forminator-row-last\"><div class=\"forminator-col\"><div class=\"forminator-field\"><button class=\"forminator-button forminator-button-submit\"><span>Envoyer le message<\/span><span aria-hidden=\"true\"><\/span><\/button><\/div><\/div><\/div><input type=\"hidden\" id=\"forminator_nonce\" name=\"forminator_nonce\" value=\"12aae393de\" \/><input type=\"hidden\" name=\"_wp_http_referer\" value=\"\/index.php\/wp-json\/wp\/v2\/pages\/2079\" \/><input type=\"hidden\" name=\"form_id\" value=\"2108\"><input type=\"hidden\" name=\"page_id\" value=\"2079\"><input type=\"hidden\" name=\"form_type\" value=\"default\"><input type=\"hidden\" name=\"current_url\" value=\"https:\/\/sushi-delivery59.fr\/index.php\/devenir-franchise\/\"><input type=\"hidden\" name=\"render_id\" value=\"0\"><input type=\"hidden\" name=\"action\" value=\"forminator_submit_form_custom-forms\"><label for=\"input_11\" class=\"forminator-hidden\" aria-hidden=\"true\">Veuillez ne pas remplir ce champ. <input id=\"input_11\" type=\"text\" name=\"input_11\" value=\"\" autocomplete=\"off\"><\/label><\/form>\t\t\t\t<\/div>\n\t\t\t\t<\/div>\n\t\t\t\t\t<\/div>\n\t\t<\/div>\n\t\t\t\t\t<\/div>\n\t\t<\/section>\n\t\t\t\t<\/div>\n\t\t","protected":false},"excerpt":{"rendered":"<p>\u00caTRE FRANCHIS\u00c9 SUSHI DELIVERY, LA REFERENCE DEPUIS 2020 ! Ici, nous souhaitons r\u00e9inventer le sushi, le voir sous un autre angle et toucher d\u2019autres g\u00e9n\u00e9rations. Le concept permet uniquement de commander sur place gr\u00e2ce \u00e0 une borne num\u00e9rique ou de se faire livrer. Proche du client, nous sommes \u00e0 sa disposition, il est l\u00e0 pour [&hellip;]<\/p>\n","protected":false},"author":1,"featured_media":0,"parent":0,"menu_order":0,"comment_status":"closed","ping_status":"closed","template":"elementor_header_footer","meta":{"_monsterinsights_skip_tracking":false,"_monsterinsights_sitenote_active":false,"_monsterinsights_sitenote_note":"","_monsterinsights_sitenote_category":0,"footnotes":""},"class_list":["post-2079","page","type-page","status-publish","hentry"],"aioseo_notices":[],"_links":{"self":[{"href":"https:\/\/sushi-delivery59.fr\/index.php\/wp-json\/wp\/v2\/pages\/2079","targetHints":{"allow":["GET"]}}],"collection":[{"href":"https:\/\/sushi-delivery59.fr\/index.php\/wp-json\/wp\/v2\/pages"}],"about":[{"href":"https:\/\/sushi-delivery59.fr\/index.php\/wp-json\/wp\/v2\/types\/page"}],"author":[{"embeddable":true,"href":"https:\/\/sushi-delivery59.fr\/index.php\/wp-json\/wp\/v2\/users\/1"}],"replies":[{"embeddable":true,"href":"https:\/\/sushi-delivery59.fr\/index.php\/wp-json\/wp\/v2\/comments?post=2079"}],"version-history":[{"count":33,"href":"https:\/\/sushi-delivery59.fr\/index.php\/wp-json\/wp\/v2\/pages\/2079\/revisions"}],"predecessor-version":[{"id":2646,"href":"https:\/\/sushi-delivery59.fr\/index.php\/wp-json\/wp\/v2\/pages\/2079\/revisions\/2646"}],"wp:attachment":[{"href":"https:\/\/sushi-delivery59.fr\/index.php\/wp-json\/wp\/v2\/media?parent=2079"}],"curies":[{"name":"wp","href":"https:\/\/api.w.org\/{rel}","templated":true}]}}